 l(i) = 2*i**3 + 3*i**2 + 2*i. Let p(j) = 4*l(j) + n(j). What is p(-6)?
5
Let o(h) = 7*h**2 + h - 3. Let k(a) = -8*a**2 + 2. Let g(v) = 6*k(v) + 7*o(v). Suppose 244*l + 192*l = -27*l - 4167. Give g(l).
9
Let t(o) = -18*o - 123. Let q be t(-7). Suppose i - q = 4. Let u(m) = m + 5. Determine u(i).
12
Let c(v) = -v**3 - 3*v**2 + 3*v - 16. Suppose 28 + 56 = -21*t. What is c(t)?
-12
Let s(t) = 2*t**3 + 8*t**2 + 4*t - 5. Let z be s(-3). Let v(k) = -z - 1 - 3 - k**2 - 322*k + 331*k. Give v(8).
3
Suppose -5*q + 4*f = 0, -5*q = 4*f - 2 - 38. Let d(c) = -3 + 5 - c - q + 4. Let i = 10 + -3. Determine d(i).
-5
Suppose 0 = 7*g - 47 - 51. Let n(h) = 3*h**2 + 11 - 32 - 2*h + 9 + g. Determine n(2).
10
Let h(u) = 8*u - 2. Let j = -543 + 552. Suppose -15 = 5*i, -5*t - 5*i = 29 - j. What is h(t)?
-10
Let p = 33 + -29. Suppose 5*n = f - 0*f + 10, -2*f = -p*n + 8. Let w(z) = 4*z**n + 0*z**2 + 6*z - 3*z**2 + 0*z**2 - 4. Determine w(-5).
-9
Let b(n) = -11*n - 28. Let t be b(-7). Let v(z) = -10 - z - 40 + t. Calculate v(-8).
7
Let v(d) = d**3 - 31*d**2 - 32*d - 2. Let b be 395*18/225 + 2 + (-8)/5. Give v(b).
-2
Let q(s) = 2*s**3 - 2*s**2 - 2*s + 1. Let j(t) = -2*t**2 - 62*t + 66. Let b be j(-32). Suppose -b*i = 22 - 26. Give q(i).
5
Let g(u) = 13*u**2 - 56*u + 13. Let s(i) = 24*i**2 - 104*i + 26. Let t(q) = 11*g(q) - 6*s(q). Determine t(1).
-6
Let v(w) = -11*w + 33. Let g(h) = 5*h - 18. Let d(c) = -11*g(c) - 6*v(c). Let a(u) = -9*u + 1. Let j(o) = -6*a(o) - 5*d(o). What is j(-9)?
3
Let b = -36 + 82. Let x = b - 42. Let g(k) = -7*k + k + 3*k - x. Calculate g(-3).
5
Let t(o) = -4 + 0*o**2 + 0*o**2 - 4*o**2 + o**3. Let u be t(4). Let a(m) = 126463*m - 1 - 126462*m + 1. Give a(u).
-4
Suppose l - 3*l + 12 = 0. Let r(f) = -4 + l + 0*f - 2*f. Suppose 7*c - 55 = -4*c. Determine r(c).
-8
Let g(r) = r**2 + 2*r. Let v(f) = -f**3 - 21*f**2 - 20*f + 10. Let u be v(-20). Suppose u*h - 3*h + 35 = 0. What is g(h)?
15
Let i be (5/(-15))/(2/(-42)). Let f be (2 + (-30)/6)*-13. Let q(j) = -j**2 + 3*j - f + 70 - 21. Determine q(i).
-18
Suppose -5*q = -13 - 7. Let i(h) be the second derivative of h**5/20 - h**4/4 + 2*h**3/3 - 2*h**2 - 3500*h. Calculate i(q).
28
Let l(x) = 5*x + 25. Let a(g) = 29*g + 96. Let v(d) = -a(d) + 4*l(d). Determine v(2).
-14
Let i(h) = h - 10*h + 6 + 10*h. Let n be (-6)/5*50/(-15). Suppose n*k + 5*p - 5 = 0, -5*k + 2*p + p - 3 = 0. Calculate i(k).
6
Suppose -3*s = 5*s - 26*s. Let n(q) be the second derivative of 0*q**4 + 0*q**3 + 1/2*q**2 + s - 3/20*q**5 + 12*q. Calculate n(-1).
4
Let t(o) = 3*o + 16. Let s(g) = -2. Let u(b) = 4*s(b) + t(b). Let d(k) = -1 + 2*k + 4 - k. Let f(w) = 11*d(w) - 4*u(w). Determine f(-6).
7
Let d(o) = o**3 + 15*o**2 - 3*o - 13. Let y be ((-1)/((-4)/(-9)))/(3341/(-260) + 13). Give d(y).
32
Let c(s) = -s**2 + 91 - 52 - 20 - 3 - 17 - 12 + 12*s. Let l be -1 - (8/(-1) - -1). Determine c(l).
23
Let o(z) be the second derivative of z**5/20 + z**4/6 - z**3/6 - 15*z**2/2 + 6*z + 42. Determine o(0).
-15
Let a be -1 - 1 - (2 + -9). Let z(l) = 0*l - l - 22 + 71 - 21 - 23. Let d(t) = 2*t - 10. Let m(o) = 2*d(o) + 5*z(o). Determine m(a).
0
Let k(b) = 97*b + 1. Suppose -60*s - 48 + 3 = -15*s. Give k(s).
-96
Let x = 21 - 14. Let u(s) be the third derivative of -1/6*s**4 + 0*s + 2 - 5/6*s**3 + 1/60*s**5 + 31*s**2. Determine u(x).
16
Let l be ((-6)/(-5))/(-8 + -3 + 565/50). Let u(t) = -3 + 3*t + t**2 - 1 + 2. Give u(l).
26
Let m = 11 - 1. Let t(p) = -4 + 1 - 10*p**3 - p - m*p**3 + 21*p**3. Determine t(0).
-3
Let f be ((126/(-196))/(2/(-4)))/((-2)/(-14)). Let h(k) be the third derivative of k**5/60 - k**4/3 - 4*k**3/3 + 3*k**2. Give h(f).
1
Let v(n) = -n**2 - 6*n + 3. Let d be v(-5). Let z = -8 + d. Let g(c) = 11*c - 7 + 3*c - 15*c. Give g(z).
-7
Let n(c) = -146*c - 567. Let u(m) = 438*m + 1693. Let v(o) = 7*n(o) + 2*u(o). Give v(-4).
1
Let i(x) be the second derivative of -x**4/12 - 11*x**3/6 + 37*x**2 + 8112*x. Determine i(-15).
14
Let z(k) = 3*k**3 - k**2 + k - 1. Suppose -6*a - 1015 = 65. Let c be ((-36)/a)/(2/10). Calculate z(c).
2
Let w(g) = -57 + 7*g**2 - g**3 + 18 - 7*g + 20 + 25 + 4. Determine w(4).
30
Let i = 27634 + -27634. Let j(s) = 47*s + 14. Give j(i).
14
Let u(l) be the first derivative of -1/4*l**4 + 141 - 2*l**2 - l**3 - 2*l. Give u(-3).
10
Let m(x) = 5*x - 10. Let n = -2954 + 2958. Calculate m(n).
10
Suppose -1 = 3*l - z, -15*l - 19 = -14*l - 5*z. Suppose -5*v + 9 + 6 = -m, -2*m = 2*v + 6. Let t(x) = -x**v - x**2 - x**2 - x + 1. Give t(l).
-3
Let r(u) = 11 + 8 + 8 + 5*u - 29 - 9*u. Suppose 124 = 4*z + 104. Calculate r(z).
-22
Let t(d) = d**2 + 6*d - 2. Let i be t(-7). Let j(g) be the third derivative of g**6/120 - g**5/15 - g**4/6 + 2*g**3/3 - 23*g**2 + 45*g - 1. Give j(i).
9
Let k(p) = p - 1. Let o(i) = -11*i + 5. Let d(q) = -6*k(q) - o(q). Let j be d(2). Let l(w) = 3 - 8 - w**3 + j*w**2 - 3*w**2. Give l(8).
-5
Let h(q) be the first derivative of q**4/4 + 19*q**3/3 + 17*q + 868. Give h(-19).
17
Suppose 0 = -2*q - k + 10, -2*q = -5*q - 5*k + 1. Let g(d) = 0*d**3 - 273*d + 5*d**2 + d**3 + d**3 - q + 287*d - 32*d**2. What is g(13)?
6
Let p(a) = -36*a - 103. Let o(x) = 119*x + 310. Let v(s) = 3*o(s) + 10*p(s). Determine v(-36).
8
Let r(f) = -12*f**3 + f - 1. Suppose -c - 2*y + 5*y + 12 = 0, -82 = -4*c - 5*y. Suppose c*z - 11*z - 7 = 0. Calculate r(z).
-12
Let w = -153 + 68. Let r = w - -83. Let c(y) = -y**2 + y - 1. Let v(x) = 7*x - 3. Let i(n) = -4*c(n) + v(n). Give i(r).
11
Let q be ((13 + 9)/11)/1. Let t(f) be the first derivative of 1/3*f**3 + 4*f + 5/2*f**q - 13. Calculate t(-4).
0
Let x(r) = r**3 - 8*r**2 - 2*r + 22. Let h = 13789 - 13782. What is x(h)?
-41
Let g(m) = -45 + m + 116 - 58 - 4*m. What is g(-1)?
16
Let z(r) = r - 7. Let p(c) = -c**3 + 17*c**2 + c - 67. Let o be p(10). Let l = -638 + o. Determine z(l).
-2
Let g(x) = 30*x + 48. Let b(i) = -150*i - 265. Let w(t) = -2*b(t) - 11*g(t). Give w(-3).
92
Let c(f) = -463 - 3*f - 18*f - 26*f + 467 + 4*f. Give c(2).
-82
Let n be ((-261)/45 - -5)/(2/(-10)). Let t(k) = -n*k**2 - 2 - 10*k**3 + 5*k**3 + 3*k + 9*k**3. Calculate t(2).
20
Suppose 0 = 9*b + 317 - 650. Let t(m) = -23*m**2 - 8*m + 2 + b*m**2 - 15*m**2. Let o(i) = i**3 + 3*i**2 + 2*i - 3. Let r be o(-3). Give t(r).
-7
Let p(f) = 10*f**2 - 21*f + 10. Let c(w) = -2*w**2 + 4*w - 2. Let g(y) = 11*c(y) + 2*p(y). Suppose 19*o - 24*o = 0. Suppose -14*m + m + 26 = o. Determine g(m).
-6
Let g(k) = 20*k**2 - k**2 + 16 - 2*k - 20*k**2. Give g(-6).
-8
Let r(f) = 2*f**2 + 31*f - 47. Let u be r(-17). Let b(z) = -5*z**2 - 14*z**3 - u*z**3 - 10*z - 1 + 9*z + 17*z**3. Give b(-4).
-13
Let s(g) = g + 11. Let v be 1 + 1 + 179*3. Suppose -10*c + 141 = -v. Let w = c - 76. What is s(w)?
3
Let r(p) = -p**3 - 6*p**2 - 4*p + 1. Suppose -3*t + 11 = 26. Let w be r(t). Let n(f) = -4*f - 9. Determine n(w).
7
Let q(y) be the third derivative of y**6/120 - 13*y**5/60 + 5*y**4/3 - 10*y**3/3 + 155*y**2 - 1. Give q(9).
16
Let f(p) = 1824 - 3801 + 1881 - 12*p - 2*p**2 + 3*p**2. What is f(-6)?
12
Suppose 33*d + 75 = 8*d. Let c be (-1 - -5) + (d - (1 - 6)). Let q(o) = -o + 1. What is q(c)?
-5
Let i(n) = -n + 7. Let l(d) = d**2 + 6*d - 12. Let x be l(2). Suppose 0 = 2*g + x*r - 8, -3*r = -r - 4. Determine i(g).
7
Let u(v) be the first derivative of -2/3*v**3 + 1/4*v**4 - 1/2*v**2 + 450 + v. Let r = 3 + -1. What is u(r)?
-1
Suppose 0 = g - 5*f + 32, -g + 8*f - 22 = 5*f. Let c(t) be the third derivative of t**6/120 + t**5/10 - t**4/24 + 5*t**3/6 - 5*t**2 - 17. Determine c(g).
-37
Let f = 1005 + -1002. Let z(d) = 8*d - 21. Give z(f).
3
Let n(k) = -5*k**3 - 3*k**2 + 3 + 3*k + 0*k**3 + 2*k**3 + 2*k**3. Suppose 122 = -32*h - 6. Determine n(h).
7
Let u(z) = -32 - 2 - 3*z - 4*z. Let v be u(-5). Let j(s) = -24*s - 1. Give j(v).
-25
Let d be 20/490*-7 + (-235)/35 + -3. Let h(j) be the first derivative of -j**2/2 - 4*j - 2. Calculate h(d).
6
Suppose -5*p - 3000 = -905. Let g = -420 - p. Let d(o) = 4*o + 2. Give d(g).
-2
Let k(w) = w**3 + 3*w**2 - 3*w + 3. Let h(f) be the first derivative of f**4/4 - f**3/3 - 13*f**2/2 - f - 160. Let l be h(-3). Determine k(l).
17
Let s be (18/(-3))/(7 + -5). Let r be s/2*44/66. Let x(z) = 14*z**3 - z. Calculate x(r).
-13
Let l(k) = 77*k - 55. Let s be l(5). Let v = -322 + s. Let o(g) = -g**2 + 5*g + 1. What is o(v)?
-23
Let a(u) = -18*u - 